e factors of g?
599
Let h(n) be the third derivative of 23*n**4/24 + n**3/6 + 33*n**2. Let v be h(-1). Let z(b) = b**2 + 14*b - 32. List the prime factors of z(v).
2, 3
Suppose -63 = 10*f - 17*f. Let y(j) = 4*j**2 - 21*j - 4. Let u be y(f). Suppose -4*v + 711 = u. List the prime factors of v.
5, 29
Suppose t - 12718 = -1543. What are the prime factors of t?
3, 5, 149
Let j(v) = -v**3 + 4*v**2 - 6. Let n be j(3). Suppose -7*i - 4*s - 485 = -4*i, -4*i = n*s + 656. Let g = -113 - i. List the prime factors of g.
2, 3
Let c be ((-6)/4)/(1*(-5)/30). Let p(z) = 25*z - 23. Let j be p(c). Let d = -109 + j. What are the prime factors of d?
3, 31
Let v = -3691 + 13272. List the prime factors of v.
11, 13, 67
Let j be (14/6 + -1)/(34/459). Suppose j*u - 11*u - 42 = 0. List the prime factors of u*-3*(-37)/6.
3, 37
Suppose 215*j - 20 = 210*j. Suppose -j*v = -u + 3*u - 2932, 0 = -v - 4. List the prime factors of u.
2, 11, 67
Let g(h) = 8*h**2 + 0*h - 27 - 44*h + 8*h. What are the prime factors of g(10)?
7, 59
Let m(g) = 80*g**2 + g. Let t(r) = r + 10. Let z be t(4). Suppose -13*h + 1 = -z*h. What are the prime factors of m(h)?
79
Suppose 13*n - 4*m = 7*n + 74814, 49874 = 4*n - 3*m. List the prime factors of n.
12473
Let m = 14 - -34862. List the prime factors of m.
2, 8719
Suppose 355 = -8*n + 923. What are the prime factors of n?
71
Let g be (-312)/4 - ((0 - 0) + 0). Let j = 529 + g. What are the prime factors of j?
11, 41
Let o = -16 + 38. Suppose 15*s - o = 4*s. Suppose 42 = -s*c + 94. List the prime factors of c.
2, 13
Suppose -177 = 7*u - 191. Suppose -8 = -14*a + 16*a, u*a + 3243 = 5*x. What are the prime factors of x?
647
Suppose -31*q - 14836 + 1196 = 0. Let l = 815 + q. What are the prime factors of l?
3, 5
Let j(z) = 334*z + 4058. List the prime factors of j(53).
2, 5, 17
Suppose -13*c + 45*c + 35*c = 2143129. What are the prime factors of c?
29, 1103
Suppose -6*y - 194 = -32588. List the prime factors of y.
5399
Suppose 200342 = 5*l + 2*m, 73*m - 120168 = -3*l + 78*m. List the prime factors of l.
2, 13, 23, 67
Let o(b) be the third derivative of b**4/12 + 3*b**3 + 4*b**2. Let q be o(9). List the prime factors of (24/q)/(4/66).
11
Let s = -519 + 867. Suppose 0 = 2*y - 5276 + s. Suppose 0 = z + 15*z - y. What are the prime factors of z?
2, 7, 11
Suppose 78*i - 545543 = 15901. List the prime factors of i.
2, 59, 61
Suppose -14*d - 2*j - 10858 = -15*d, 3*d + 2*j - 32558 = 0. What are the prime factors of d?
2, 3, 67
Suppose -6*q - 3*q = -3*q. Suppose 50*y - 52*y + 440 = q. What are the prime factors of y?
2, 5, 11
Let m(n) = -2*n**3 + 237*n**2 + 4*n - 1128. What are the prime factors of m(115)?
73, 1259
Suppose 0 = 3*h - 4*s - 13808, 1531 = -h + 4*s + 6147. List the prime factors of h.
2, 3, 383
Suppose 0 = -3*d + 26245 + 3995. Suppose -88*l = -95*l + d. List the prime factors of l.
2, 3, 5
Let l(r) = 4*r**2 + 9*r + 4900. What are the prime factors of l(0)?
2, 5, 7
Let t(g) = g**2 + 71*g - 599. What are the prime factors of t(48)?
5113
Suppose -9*u + 2*u = 14466 - 395959. List the prime factors of u.
54499
Suppose -12 - 8 = -4*v. Let l(r) = 42*r + 449. Let z be l(5). Suppose -5*w - g = -z, v*w + g - 3*g - 662 = 0. What are the prime factors of w?
2, 3, 11
Let h = 94 + -87. Suppose h*c = 2*c + 5590. Suppose 0 = 5*j + w - c, -216 = -j - 0*w - 4*w. List the prime factors of j.
2, 7
Let q be (6332/8*-6)/(-1). Suppose q - 1590 = 27*p. List the prime factors of p.
3, 13
Let q = 152 + -149. Suppose 3*b = -q*d + 151 + 680, -4*d - 272 = -b. List the prime factors of b.
2, 3, 23
Suppose 0 = -12*d + 288985 + 420203. What are the prime factors of d?
113, 523
Let c(j) be the second derivative of j**3/3 - 11*j**2/2 + 6*j. Let n be c(8). Suppose v = 4*z - 653, 4*v + n = 1. What are the prime factors of z?
163
Suppose 0 = -h - 4*j + 76259, -5*j - 128272 = -3*h + 100505. What are the prime factors of h?
76259
Let z = 32715 - 9941. What are the prime factors of z?
2, 59, 193
What are the prime factors of (-1)/15 + (1 - 1379)/(1470/(-14651))?
2, 3, 7, 109
Let i = 589 - 267. Let m(v) = -104*v - 7. Let p be m(-5). Suppose -3*j = 4*d + 11 - i, -4*d + p = 5*j. What are the prime factors of j?
101
Let l(g) = -269*g - 219. List the prime factors of l(-23).
2, 373
Suppose 30*x = 34*x - 60. Suppose 0*k + k = -5*o - 15, 5*o - 5*k = -x. List the prime factors of (-599)/(-4) + o + (-4)/(-16).
3, 7
Let y(l) = 2*l**2 + 39*l + 54. Let v be y(-18). Let j(f) = -5*f + 97. What are the prime factors of j(v)?
97
Let b be (48/32)/((-6)/8). Let h(u) = -2*u**3 - 3*u**2 - 2*u. Let x be h(b). Suppose -5*n = x - 33. What are the prime factors of n?
5
Suppose -11*f + 32 = -3*f. What are the prime factors of (247 + 6 + -2)/(f/16)?
2, 251
Suppose z + 12 = 4*d - 2*z, -4*z = -d + 16. Suppose -4*i + k - 16 = d, 5*k - 23 = -4*i - 63. List the prime factors of i*((-17)/2)/(19/38).
5, 17
Let s(d) = -d**3 - 11*d**2 + 9*d - 28. Let g be s(-12). Suppose 11*p - 2*p = 198. Suppose -g = -5*r + p. List the prime factors of r.
2, 3
Let k(t) = t**2 + 67*t - 13. Suppose 10*b - 44 - 66 = 0. What are the prime factors of k(b)?
5, 13
Let s = 8 + 8. Let k be ((-39)/12)/((-4)/(5*s)). Suppose k = -4*n + 485. List the prime factors of n.
3, 5, 7
Let s(w) = -64*w - 7. Let b be s(5). Let h = 726 + b. What are the prime factors of h?
3, 7, 19
Let v(x) = 262*x + 4 - 19 - 11 + 6. What are the prime factors of v(2)?
2, 3, 7
Let p(b) = 217*b**2 + 3*b - 5 + 2*b + 538*b**2. List the prime factors of p(1).
5, 151
Suppose 6*c + 5*c = 0. Suppose -12 = -c*m - 3*m. Suppose -m*q = q - 375. List the prime factors of q.
3, 5
List the prime factors of (3 + (-414)/42)/(-2*(-6)/(-9492)).
2, 3, 113
Suppose 8*h - 209*h = -10854. Let s(k) = k**3 + 172. Let y be s(0). Let o = y - h. List the prime factors of o.
2, 59
Let j(u) be the third derivative of 11*u**6/30 + u**5/120 - 3*u**3 + 10*u**2. Let c(t) be the first derivative of j(t). What are the prime factors of c(1)?
7, 19
Let i(g) = 12*g**2 + 7*g - 2. Let o(n) = -7*n**2 - 4*n - 3. Let v be o(-1). What are the prime factors of i(v)?
2, 97
Suppose 14*d = 25 - 11. What are the prime factors of d + (795/12 - 4/16)?
67
Let f = 6463 + 4492. List the prime factors of f.
5, 7, 313
Let q(g) = 2*g - 11*g**2 + 8*g - 7*g**2 - 5 + 21*g**2 - 86. List the prime factors of q(-17).
2, 3, 101
Suppose -3*z - 3*z + 1794 = 0. Let q = z - 89. Let p = -115 + q. List the prime factors of p.
5, 19
What are the prime factors of 1147 + -14 + 25 + 0?
2, 3, 193
Suppose 67 = 3*q - 2*j - 2*j, 5*j = q - 26. What are the prime factors of 435 - 42/49*q/6?
2, 3
Suppose 0 = 2*u + 12 - 54. Suppose 0 = 18*w + 163 - 703. Let r = u + w. What are the prime factors of r?
3, 17
Suppose -4 = -4*g + 40. Suppose 3*q + 4*u + 20 = 0, -g = 3*q - 4*u - 31. Suppose 0 = -4*k - q*k + 3*d + 243, -d - 176 = -3*k. What are the prime factors of k?
3, 19
Let r be -1 + 1 - 2 - (-3 + -3). Suppose 13 = -r*n - 11. List the prime factors of (4 - 16)*-1*(-63)/n.
2, 3, 7
Suppose 0 = -3*f + 1891 - 208. Let l = -81 + f. List the prime factors of l.
2, 3, 5
Let h be (40/(-15))/(4/90). Let q = -24 + h. Let b = 204 + q. List the prime factors of b.
2, 3, 5
Let j(p) = -p**3 - 14*p**2 + 18*p + 46. Let w be j(-15). What are the prime factors of -2*(-5)/(-10)*(w + -1317)?
2, 7, 47
Let m be (-1)/(1/(21*-3)). Let t(z) = 2*z**2 + 40*z - 52. Let q be t(-22). Suppose d = -3*u + q + m, u + 91 = d. List the prime factors of d.
3, 31
Let k(y) = -50*y + 24 - 210 + 29 - 29. List the prime factors of k(-11).
2, 7, 13
Suppose -54 = 3*c + 3. What are the prime factors of (15 + c - (-5 + 1)) + 958?
2, 479
Let f(c) = 14*c**3 - c**2 + 1. Let o be f(-1). Suppose -5*h - 43829 - 450 = -2*a, -6*a = h + 8843. What are the prime factors of ((h/o)/(-11))/(2/(-4))?
5, 23
Let c(l) = 5*l**3 - l**2 - l - 1. Let z be c(-1). Let g be 5 + z - 29/1. What are the prime factors of 6/(g/(-835)) + -3?
2, 41
Suppose 4501778 = 308*h - 1094274. List the prime factors of h.
18169
Let j(w) = -w**2 + 8*w - 8. Let o be j(5). Let x(u) = -2*u - o + 5*u - 3*u + u. List the prime factors of x(12).
5
Let w(p) = -5*p + 36. Suppose 34 = -3*k - 0*k + 4*o, 3*k - 5*o + 38 = 0. List the prime factors of w(k).
2, 3, 11
Let l = -69 + 78. Let i be (0/l)/(0 + 2). Suppose i = r - 136 + 13. List the prime factors o